
Is 1202137649 composite?
False
Is 992831627 a prime number?
True
Is 978684617 a composite number?
False
Is 30442526 composite?
True
Is 2887045303 a prime number?
False
Is 5034773167 prime?
True
Is 224626861 composite?
True
Is 203310953 prime?
True
Is 780120317 a prime number?
False
Is 65336077361 composite?
True
Is 201701257 a prime number?
False
Is 15257160083 composite?
True
Is 383379897 a composite number?
True
Is 3900491993 composite?
False
Is 8210556737 a prime number?
True
Is 1693635841 a prime number?
True
Is 20392160521 a composite number?
True
Is 16498886047 prime?
False
Is 411208489 composite?
True
Is 34029379 a prime number?
True
Is 14673876263 a prime number?
False
Is 1078237763 prime?
False
Is 6803231983 prime?
False
Is 3679840691 a prime number?
False
Is 201788625037 prime?
True
Is 28742888021 a composite number?
True
Is 10582242257 a composite number?
True
Is 43252812859 composite?
False
Is 1497537689 prime?
True
Is 15495137 a composite number?
True
Is 608564629 composite?
True
Is 670048361 composite?
False
Is 52957670693 a prime number?
True
Is 336892405 prime?
False
Is 23479071797 a composite number?
False
Is 111085946053 a prime number?
True
Is 990992563 a composite number?
True
Is 2574015767 composite?
True
Is 5535283789 prime?
False
Is 24894128141 a prime number?
True
Is 76574024515 a prime number?
False
Is 412467661 prime?
False
Is 2299827121 composite?
False
Is 6570395393 a composite number?
True
Is 100165229 prime?
False
Is 29026188847 prime?
False
Is 6042679757 a composite number?
False
Is 124140100673 prime?
True
Is 1522932989 prime?
False
Is 1154313917 composite?
False
Is 2329586962 a prime number?
False
Is 95322015385 a prime number?
False
Is 5315630227 prime?
False
Is 4298259367 composite?
True
Is 21850639529 prime?
False
Is 4901335771 composite?
False
Is 480796247 a prime number?
False
Is 1021199971 composite?
True
Is 7956775259 composite?
True
Is 43437236421 composite?
True
Is 8583023549 a composite number?
True
Is 2742881398 prime?
False
Is 25564234487 prime?
False
Is 25198909189 a composite number?
False
Is 12844410295 a prime number?
False
Is 112415593 prime?
True
Is 87111676429 composite?
False
Is 5726629633 a composite number?
False
Is 1949417683 prime?
True
Is 47800057 a composite number?
False
Is 210325021 a composite number?
False
Is 404958473 composite?
False
Is 30627030241 a prime number?
False
Is 4794729493 a prime number?
True
Is 21844981597 composite?
False
Is 17107115503 prime?
False
Is 29018536618 a prime number?
False
Is 6113460698 a prime number?
False
Is 20838223727 a composite number?
False
Is 3215971919 composite?
True
Is 2522492671 a prime number?
True
Is 101597386039 a prime number?
True
Is 21055243067 a prime number?
True
Is 119806621 prime?
False
Is 141650447 a composite number?
True
Is 1286484389 a composite number?
True
Is 12988897 prime?
False
Is 4977373651 prime?
False
Is 984820549 a composite number?
False
Is 78478679 composite?
True
Is 55275937 composite?
False
Is 21820087343 a prime number?
False
Is 1459137877 composite?
True
Is 19422584395 a composite number?
True
Is 71318540663 a prime number?
False
Is 30745787 a prime number?
True
Is 982156469 prime?
False
Is 161486714887 a composite number?
True
Is 1458370021 composite?
False
Is 728826877 a composite number?
False
Is 76721266987 a prime number?
True
Is 4262321647 prime?
False
Is 32842173101 prime?
True
Is 72605686039 prime?
True
Is 20141522369 prime?
True
Is 3072160634 a prime number?
False
Is 389924131 a composite number?
False
Is 183643121 a composite number?
False
Is 36837413 composite?
False
Is 6932508241 a prime number?
False
Is 2111919343 composite?
True
Is 20497130113 a prime number?
False
Is 408546049 a composite number?
False
Is 1008336977 prime?
True
Is 2408361467 a composite number?
False
Is 9978099139 prime?
True
Is 1045468043 a composite number?
False
Is 381607997 composite?
True
Is 54684488333 a prime number?
False
Is 28548091249 composite?
False
Is 6128083763 a prime number?
True
Is 11071940918 a prime number?
False
Is 20266357313 prime?
False
Is 1948808553 prime?
False
Is 4459968209 composite?
False
Is 84309156478 a prime number?
False
Is 205461145 prime?
False
Is 28738240021 a composite number?
False
Is 933710273 a prime number?
True
Is 14279651621 a composite number?
False
Is 36424038121 a composite number?
False
Is 339589189091 a prime number?
True
Is 1542304493 prime?
True
Is 1530659927 a composite number?
False
Is 2901684481 prime?
False
Is 170763453377 composite?
True
Is 55579009223 a composite number?
False
Is 143258623 composite?
False
Is 49920929 a composite number?
False
Is 299306850477 a composite number?
True
Is 8067069137 a composite number?
True
Is 5092327601 composite?
False
Is 2960887 a composite number?
True
Is 39949748533 a prime number?
True
Is 1192315533 a prime number?
False
Is 1377679769 a composite number?
False
Is 2805852953 a prime number?
False
Is 3881676531 a prime number?
False
Is 58897924571 prime?
False
Is 4986672233 prime?
False
Is 964166111 a prime number?
True
Is 10411910137 prime?
False
Is 2170617677 a prime number?
False
Is 9292925801 a prime number?
False
Is 309000259 a prime number?
True
Is 49546206637 a prime number?
True
Is 3881219953 composite?
True
Is 1029383263 a composite number?
False
Is 4190871887 a prime number?
True
Is 1990318217 composite?
False
Is 11035292123 a composite number?
False
Is 9666661063 a composite number?
False
Is 68063300731 prime?
True
Is 9112913123 a composite number?
False
Is 3359792641 composite?
False
Is 44437453909 a composite number?
True
Is 1961980177 prime?
True
Is 7734287177 prime?
False
Is 59285878933 prime?
False
Is 54530523787 a prime number?
True
Is 14197524173 composite?
True
Is 15385810657 a prime number?
False
Is 1913558159 prime?
False
Is 364662943 composite?
True
Is 2601912331 composite?
True
Is 694890733 a composite number?
False
Is 8903708959 prime?
False
Is 256564410623 a prime number?
True
Is 22208403223 composite?
False
Is 168128409233 prime?
True
Is 1323625603 composite?
False
Is 56304525323 composite?
True
Is 461359135 a composite number?
True
Is 17328515629 a prime number?
False
Is 1025512391 a composite number?
False
Is 1259673073 a prime number?
False
Is 705616801 a composite number?
False
Is 1793760197 a prime number?
True
Is 180552629 a prime number?
True
Is 52355657831 a prime number?
True
Is 26430546083 composite?
False
Is 462432269 a composite number?
True
Is 3105229553 a prime number?
True
Is 5636964857 composite?
False
Is 1550776211 prime?
True
Is 265733491 composite?
False
Is 281826161 a prime number?
False
Is 8823751219 prime?
True
Is 2186091254 prime?
False
Is 997415981 composite?
True
Is 4518867919 a prime number?
True
Is 2773042707 a composite number?
True
Is 3682679549 composite?
False
Is 733904123 prime?
False
Is 51596766257 a prime number?
True
Is 101078837 prime?
True
Is 27390667 a prime number?
True
Is 35872349 a prime number?
False
Is 7463062889 a composite number?
True
Is 5674158713 prime?
True
Is 9638617189 a composite number?
True
Is 7235952931 composite?
True
Is 17253769933 composite?
False
Is 42586381 composite?
False
Is 38352246337 prime?
False
Is 3262893197 a composite number?
True
Is 11256235513 prime?
False
Is 7826501363 a composite number?
False
Is 3748289641 a composite number?
False
Is 8265492751 a prime number?
False
Is 1160107469 prime?
True
Is 362081017 a prime number?
False
Is 1673838797 composite?
True
Is 1162239499 composite?
False
Is 50033205793 prime?
False
Is 1069236307 a composite number?
False
Is 275720833 composite?
False
Is 1102448863 composite?
False
Is 689982533 a prime number?
True
Is 4717487813 a prime number?
False
Is 95832467 a composite number?
True
Is 1944037273 a prime number?
False
Is 2627793913 a prime number?
True
Is 450355339 a composite number?
True
Is 1629311843 prime?
False
Is 152672243 prime?
False
Is 207392533 a composite number?
True
Is 7942868669 a composite number?
False
Is 12287906669 a composite number?
False
Is 4290714497 a composite number?
True
Is 46262606263 a composite number?
True
Is 27646640331 a prime number?
False
Is 15720212029 a composite number?
False
Is 875098571 composite?
True
Is 36828034085 a composite number?
True
Is 1574958337 composit